{"id":40,"date":"2025-06-14T20:36:09","date_gmt":"2025-06-14T18:36:09","guid":{"rendered":"https:\/\/purple-giraffe-590547.hostingersite.com\/?page_id=40"},"modified":"2026-04-27T22:36:13","modified_gmt":"2026-04-27T20:36:13","slug":"inicio","status":"publish","type":"page","link":"https:\/\/cmaresistencia.edu.ar\/","title":{"rendered":"Nuestra Identidad"},"content":{"rendered":"\n<div style=\"height:50px\" aria-hidden=\"true\" class=\"wp-block-spacer\"><\/div>\n\n\n\n<div class=\"wp-block-cover aligncenter has-custom-content-position is-position-bottom-center\" style=\"min-height:262px;aspect-ratio:unset;\"><img fetchpriority=\"high\" decoding=\"async\" width=\"1920\" height=\"2560\" class=\"wp-block-cover__image-background wp-image-150 size-full\" alt=\"\" src=\"https:\/\/cmaresistencia.edu.ar\/wp-content\/uploads\/2026\/04\/20260401_085314-scaled.jpg\" style=\"object-position:53% 22%\" data-object-fit=\"cover\" data-object-position=\"53% 22%\" srcset=\"https:\/\/cmaresistencia.edu.ar\/wp-content\/uploads\/2026\/04\/20260401_085314-scaled.jpg 1920w, https:\/\/cmaresistencia.edu.ar\/wp-content\/uploads\/2026\/04\/20260401_085314-225x300.jpg 225w, https:\/\/cmaresistencia.edu.ar\/wp-content\/uploads\/2026\/04\/20260401_085314-768x1024.jpg 768w, https:\/\/cmaresistencia.edu.ar\/wp-content\/uploads\/2026\/04\/20260401_085314-1152x1536.jpg 1152w, https:\/\/cmaresistencia.edu.ar\/wp-content\/uploads\/2026\/04\/20260401_085314-1536x2048.jpg 1536w\" sizes=\"(max-width: 1920px) 100vw, 1920px\" \/><span aria-hidden=\"true\" class=\"wp-block-cover__background has-background-dim\"><\/span><div class=\"wp-block-cover__inner-container is-layout-constrained wp-block-cover-is-layout-constrained\">\n<p class=\"has-text-align-center has-ast-global-color-4-color has-text-color has-link-color has-large-font-size wp-elements-f5638b7ec179b80366ab38cba9910f26\">Nuestra Identidad<\/p>\n<\/div><\/div>\n\n\n\n<div style=\"height:50px\" aria-hidden=\"true\" class=\"wp-block-spacer\"><\/div>\n\n\n\n<h2 class=\"wp-block-heading\">\u00bfQui\u00e9nes somos?<\/h2>\n\n\n\n<p class=\"has-text-align-left\">Somos una comunidad educativa que forma parte del conjunto de Escuelas Salesianas que hacen presente la acci\u00f3n educativa pastoral de la Iglesia en muchas partes del mundo, y tienen su origen en la misi\u00f3n de Don Bosco y Mar\u00eda Mazzarello con los j\u00f3venes de Tur\u00edn y Mornese en Italia en el siglo XIX.&nbsp; Donde sus mayores preocupaciones, prioridades y acciones fueron desde el principio, la educaci\u00f3n y promoci\u00f3n integral de los ni\u00f1os y&nbsp; j\u00f3venes.<\/p>\n\n\n\n<h2 class=\"wp-block-heading\">Nuestra Misi\u00f3n<\/h2>\n\n\n\n<p class=\"has-text-align-left\"><strong>Nuestra misi\u00f3n es la educaci\u00f3n de los ni\u00f1os, ni\u00f1as, adolescentes y j\u00f3venes desde una visi\u00f3n integral de la persona, inspirada en los valores del Evangelio y el Carisma Salesiano.<\/strong><\/p>\n\n\n\n<p class=\"has-text-align-center\">\u201cBuenos cristianos y honrados ciudadanos\u201d<\/p>\n\n\n\n<p class=\"has-text-align-left\">Esta misi\u00f3n educativo pastoral encuentra en la escuela un lugar privilegiado para su realizaci\u00f3n, y requiere para esto la construcci\u00f3n de una comunidad educativa caracterizada por el ambiente de familia, la participaci\u00f3n y corresponsabilidad de sus miembros, la apertura, el di\u00e1logo y el compromiso con el medio socio cultural y la inserci\u00f3n en la iglesia local. Por eso, nuestra escuela orienta sus esfuerzos hacia la formaci\u00f3n de una comunidad educativa pastoral que sea, a la vez, sujeto y ambiente de educaci\u00f3n.<\/p>\n\n\n\n<h2 class=\"wp-block-heading\">Nuestro Estilo Educativo<\/h2>\n\n\n\n<ul class=\"wp-block-list\">\n<li>El anuncio de vida cristiana est\u00e1 presente en el ambiente educativo y las experiencias del trayecto escolar.<\/li>\n\n\n\n<li>Con un estilo de gesti\u00f3n-animaci\u00f3n circular, participativa y corresponsable de los miembros de la comunidad educativa.<\/li>\n\n\n\n<li>La propuesta pedag\u00f3gica est\u00e1 orientada desde la perspectiva de la inclusi\u00f3n, la solidaridad, la opci\u00f3n por los m\u00e1s vulnerables, el cuidado de la vida y el ambiente.<\/li>\n\n\n\n<li>Los procesos educativos ponen en su centro el aprendizaje para la convivencia social&nbsp; y la solidaridad, educando en la capacidad de ver m\u00e1s all\u00e1 de uno mismo y ponerse en el lugar del otro para comprender y transformar la realidad.<\/li>\n\n\n\n<li>La propuesta pedag\u00f3gica est\u00e1 centrada en el aprendizaje para la convivencia social y la solidaridad, en la perspectiva de la inclusi\u00f3n, el cuidado de la vida y el ambiente, educando en la capacidad de ponerse en el lugar del otro para comprender y transformar la realidad.<\/li>\n\n\n\n<li>Promueve la participaci\u00f3n y protagonismo de los ni\u00f1os, ni\u00f1as y adolescentes en su propia formaci\u00f3n y proyectos vinculados al servicio y a la promoci\u00f3n socio-comunitaria.<\/li>\n\n\n\n<li>Abierta a la comunidad, que construye redes con otras instituciones para la formaci\u00f3n en la ciudadan\u00eda activa y solidaria.<\/li>\n\n\n\n<li>En vinculaci\u00f3n, articulaci\u00f3n y acompa\u00f1amiento rec\u00edproco con la comunidad del Centro&nbsp; \u201cMadre Mazzarello\u201d.<\/li>\n<\/ul>\n\n\n\n<h2 class=\"wp-block-heading\">Nuestra Visi\u00f3n<\/h2>\n\n\n\n<p>Ser una instituci\u00f3n educativa inclusiva, liberadora, evang\u00e9lica; que vive el carisma en comunidad con sentido de pertenencia y corresponsabilidad, que promueve la participaci\u00f3n y protagonismo de los ni\u00f1os, ni\u00f1as, adolescentes y j\u00f3venes en su proceso de formaci\u00f3n en la ciudadan\u00eda activa y solidaria, para la transformaci\u00f3n personal y social.<\/p>\n\n\n\n<div style=\"height:50px\" aria-hidden=\"true\" class=\"wp-block-spacer\"><\/div>\n\n\n\n<div class=\"wp-block-buttons is-content-justification-center is-layout-flex wp-container-core-buttons-is-layout-a89b3969 wp-block-buttons-is-layout-flex\">\n<div class=\"wp-block-button\"><a class=\"wp-block-button__link wp-element-button\" href=\"https:\/\/purple-giraffe-590547.hostingersite.com\/?page_id=123\">Solicita Vacante<\/a><\/div>\n\n\n\n<div class=\"wp-block-button\"><a class=\"wp-block-button__link wp-element-button\" href=\"https:\/\/purple-giraffe-590547.hostingersite.com\/?page_id=125\">Trabaja con Nosotros<\/a><\/div>\n<\/div>\n\n\n\n<p class=\"has-vivid-purple-color has-text-color has-link-color wp-elements-c91f8deee3c04b730e14abb8038927ba\"><\/p>\n\n\n\n<p><\/p>\n","protected":false},"excerpt":{"rendered":"<p>\u00bfQui\u00e9nes somos? Somos una comunidad educativa que forma parte del conjunto de Escuelas Salesianas que hacen presente la acci\u00f3n educativa [&hellip;]<\/p>\n","protected":false},"author":1,"featured_media":0,"parent":0,"menu_order":0,"comment_status":"closed","ping_status":"closed","template":"","meta":{"site-sidebar-layout":"default","site-content-layout":"","ast-site-content-layout":"","site-content-style":"default","site-sidebar-style":"default","ast-global-header-display":"","ast-banner-title-visibility":"","ast-main-header-display":"","ast-hfb-above-header-display":"","ast-hfb-below-header-display":"","ast-hfb-mobile-header-display":"","site-post-title":"disabled","ast-breadcrumbs-content":"","ast-featured-img":"","footer-sml-layout":"","ast-disable-related-posts":"","theme-transparent-header-meta":"","adv-header-id-meta":"","stick-header-meta":"","header-above-stick-meta":"","header-main-stick-meta":"","header-below-stick-meta":"","astra-migrate-meta-layouts":"default","ast-page-background-enabled":"default","ast-page-background-meta":{"desktop":{"background-color":"var(--ast-global-color-5)","background-image":"","background-repeat":"repeat","background-position":"center center","background-size":"auto","background-attachment":"scroll","background-type":"","background-media":"","overlay-type":"","overlay-color":"","overlay-opacity":"","overlay-gradient":""},"tablet":{"background-color":"","background-image":"","background-repeat":"repeat","background-position":"center center","background-size":"auto","background-attachment":"scroll","background-type":"","background-media":"","overlay-type":"","overlay-color":"","overlay-opacity":"","overlay-gradient":""},"mobile":{"background-color":"","background-image":"","background-repeat":"repeat","background-position":"center center","background-size":"auto","background-attachment":"scroll","background-type":"","background-media":"","overlay-type":"","overlay-color":"","overlay-opacity":"","overlay-gradient":""}},"ast-content-background-meta":{"desktop":{"background-color":"var(--ast-global-color-4)","background-image":"","background-repeat":"repeat","background-position":"center center","background-size":"auto","background-attachment":"scroll","background-type":"","background-media":"","overlay-type":"","overlay-color":"","overlay-opacity":"","overlay-gradient":""},"tablet":{"background-color":"var(--ast-global-color-4)","background-image":"","background-repeat":"repeat","background-position":"center center","background-size":"auto","background-attachment":"scroll","background-type":"","background-media":"","overlay-type":"","overlay-color":"","overlay-opacity":"","overlay-gradient":""},"mobile":{"background-color":"var(--ast-global-color-4)","background-image":"","background-repeat":"repeat","background-position":"center center","background-size":"auto","background-attachment":"scroll","background-type":"","background-media":"","overlay-type":"","overlay-color":"","overlay-opacity":"","overlay-gradient":""}},"footnotes":""},"class_list":["post-40","page","type-page","status-publish","hentry"],"_links":{"self":[{"href":"https:\/\/cmaresistencia.edu.ar\/index.php?rest_route=\/wp\/v2\/pages\/40","targetHints":{"allow":["GET"]}}],"collection":[{"href":"https:\/\/cmaresistencia.edu.ar\/index.php?rest_route=\/wp\/v2\/pages"}],"about":[{"href":"https:\/\/cmaresistencia.edu.ar\/index.php?rest_route=\/wp\/v2\/types\/page"}],"author":[{"embeddable":true,"href":"https:\/\/cmaresistencia.edu.ar\/index.php?rest_route=\/wp\/v2\/users\/1"}],"replies":[{"embeddable":true,"href":"https:\/\/cmaresistencia.edu.ar\/index.php?rest_route=%2Fwp%2Fv2%2Fcomments&post=40"}],"version-history":[{"count":15,"href":"https:\/\/cmaresistencia.edu.ar\/index.php?rest_route=\/wp\/v2\/pages\/40\/revisions"}],"predecessor-version":[{"id":151,"href":"https:\/\/cmaresistencia.edu.ar\/index.php?rest_route=\/wp\/v2\/pages\/40\/revisions\/151"}],"wp:attachment":[{"href":"https:\/\/cmaresistencia.edu.ar\/index.php?rest_route=%2Fwp%2Fv2%2Fmedia&parent=40"}],"curies":[{"name":"wp","href":"https:\/\/api.w.org\/{rel}","templated":true}]}}

<div style="height:50px" aria-hidden="true" class="wp-block-spacer"></div>



<div class="wp-block-cover aligncenter has-custom-content-position is-position-bottom-center" style="min-height:262px;aspect-ratio:unset;"><img fetchpriority="high" decoding="async" width="1920" height="2560" class="wp-block-cover__image-background wp-image-150 size-full" alt="" src="https://cmaresistencia.edu.ar/wp-content/uploads/2026/04/20260401_085314-scaled.jpg" style="object-position:53% 22%" data-object-fit="cover" data-object-position="53% 22%" srcset="https://cmaresistencia.edu.ar/wp-content/uploads/2026/04/20260401_085314-scaled.jpg 1920w, https://cmaresistencia.edu.ar/wp-content/uploads/2026/04/20260401_085314-225x300.jpg 225w, https://cmaresistencia.edu.ar/wp-content/uploads/2026/04/20260401_085314-768x1024.jpg 768w, https://cmaresistencia.edu.ar/wp-content/uploads/2026/04/20260401_085314-1152x1536.jpg 1152w, https://cmaresistencia.edu.ar/wp-content/uploads/2026/04/20260401_085314-1536x2048.jpg 1536w" sizes="(max-width: 1920px) 100vw, 1920px" /><span aria-hidden="true" class="wp-block-cover__background has-background-dim"></span><div class="wp-block-cover__inner-container is-layout-constrained wp-block-cover-is-layout-constrained">
<p class="has-text-align-center has-ast-global-color-4-color has-text-color has-link-color has-large-font-size wp-elements-f5638b7ec179b80366ab38cba9910f26">Nuestra Identidad</p>
</div></div>



<div style="height:50px" aria-hidden="true" class="wp-block-spacer"></div>



<h2 class="wp-block-heading">¿Quiénes somos?</h2>



<p class="has-text-align-left">Somos una comunidad educativa que forma parte del conjunto de Escuelas Salesianas que hacen presente la acción educativa pastoral de la Iglesia en muchas partes del mundo, y tienen su origen en la misión de Don Bosco y María Mazzarello con los jóvenes de Turín y Mornese en Italia en el siglo XIX.&nbsp; Donde sus mayores preocupaciones, prioridades y acciones fueron desde el principio, la educación y promoción integral de los niños y&nbsp; jóvenes.</p>



<h2 class="wp-block-heading">Nuestra Misión</h2>



<p class="has-text-align-left"><strong>Nuestra misión es la educación de los niños, niñas, adolescentes y jóvenes desde una visión integral de la persona, inspirada en los valores del Evangelio y el Carisma Salesiano.</strong></p>



<p class="has-text-align-center">“Buenos cristianos y honrados ciudadanos”</p>



<p class="has-text-align-left">Esta misión educativo pastoral encuentra en la escuela un lugar privilegiado para su realización, y requiere para esto la construcción de una comunidad educativa caracterizada por el ambiente de familia, la participación y corresponsabilidad de sus miembros, la apertura, el diálogo y el compromiso con el medio socio cultural y la inserción en la iglesia local. Por eso, nuestra escuela orienta sus esfuerzos hacia la formación de una comunidad educativa pastoral que sea, a la vez, sujeto y ambiente de educación.</p>



<h2 class="wp-block-heading">Nuestro Estilo Educativo</h2>



<ul class="wp-block-list">
<li>El anuncio de vida cristiana está presente en el ambiente educativo y las experiencias del trayecto escolar.</li>



<li>Con un estilo de gestión-animación circular, participativa y corresponsable de los miembros de la comunidad educativa.</li>



<li>La propuesta pedagógica está orientada desde la perspectiva de la inclusión, la solidaridad, la opción por los más vulnerables, el cuidado de la vida y el ambiente.</li>



<li>Los procesos educativos ponen en su centro el aprendizaje para la convivencia social&nbsp; y la solidaridad, educando en la capacidad de ver más allá de uno mismo y ponerse en el lugar del otro para comprender y transformar la realidad.</li>



<li>La propuesta pedagógica está centrada en el aprendizaje para la convivencia social y la solidaridad, en la perspectiva de la inclusión, el cuidado de la vida y el ambiente, educando en la capacidad de ponerse en el lugar del otro para comprender y transformar la realidad.</li>



<li>Promueve la participación y protagonismo de los niños, niñas y adolescentes en su propia formación y proyectos vinculados al servicio y a la promoción socio-comunitaria.</li>



<li>Abierta a la comunidad, que construye redes con otras instituciones para la formación en la ciudadanía activa y solidaria.</li>



<li>En vinculación, articulación y acompañamiento recíproco con la comunidad del Centro&nbsp; “Madre Mazzarello”.</li>
</ul>



<h2 class="wp-block-heading">Nuestra Visión</h2>



<p>Ser una institución educativa inclusiva, liberadora, evangélica; que vive el carisma en comunidad con sentido de pertenencia y corresponsabilidad, que promueve la participación y protagonismo de los niños, niñas, adolescentes y jóvenes en su proceso de formación en la ciudadanía activa y solidaria, para la transformación personal y social.</p>



<div style="height:50px" aria-hidden="true" class="wp-block-spacer"></div>



<div class="wp-block-buttons is-content-justification-center is-layout-flex wp-container-core-buttons-is-layout-a89b3969 wp-block-buttons-is-layout-flex">
<div class="wp-block-button"><a class="wp-block-button__link wp-element-button" href="https://purple-giraffe-590547.hostingersite.com/?page_id=123">Solicita Vacante</a></div>



<div class="wp-block-button"><a class="wp-block-button__link wp-element-button" href="https://purple-giraffe-590547.hostingersite.com/?page_id=125">Trabaja con Nosotros</a></div>
</div>



<p class="has-vivid-purple-color has-text-color has-link-color wp-elements-c91f8deee3c04b730e14abb8038927ba"></p>



<p></p>

<p>¿Quiénes somos? Somos una comunidad educativa que forma parte del conjunto de Escuelas Salesianas que hacen presente la acción educativa [&hellip;]</p>
